n b is divided by k.
7
What is the remainder when 256 is divided by 1659/231 - 3*(-6)/(-99)?
4
Let c = -5606 + 5692. What is the remainder when c is divided by (-2)/(-2)*1 - -21?
20
Let c = 64 + -33. Suppose -m + c = -5*i, 0*i = -4*m + 2*i + 52. What is the remainder when 20 is divided by m?
9
Let j(g) be the first derivative of -g**3/3 - 4*g**2 + 3*g + 12. Let k be j(-9). Let b = k + 14. Calculate the remainder when 14 is divided by b.
6
Let y(d) = -4*d**2 - 35*d - 28. What is the remainder when 69 is divided by y(-7)?
6
Let k = 109 - 113. Let n(a) = -25*a - 20. Calculate the remainder when n(k) is divided by 41.
39
Let j be -2*(917/(-28))/(1/2). Suppose 3*x - j = -4*g, 4*g - 3*x = 2*g + 43. Calculate the remainder when g is divided by 18.
11
Let w = -212 - -226. Calculate the remainder when 18 is divided by w.
4
Suppose 0 = 44*s - 59*s + 11235. What is the remainder when s is divided by 75?
74
Suppose -5*a = -4*s + 114, 0*s = -3*s - 2*a + 97. Suppose -2*o + 3*u + 130 = 0, -307 = 17*o - 22*o + 3*u. Calculate the remainder when o is divided by s.
28
Let h = 41 - 42. Let p = h - -10. Calculate the remainder when 53 is divided by p.
8
Let w(d) = -3*d**2 - 15*d + 55. What is the remainder when 142 is divided by w(-6)?
31
Calculate the remainder when (-15)/((-225)/40)*57 is divided by 51.
50
Let z = -3 - 0. Let m be (-244)/((9/z)/3). Suppose -4*u - m = -4*w, 2*u - u - 259 = -4*w. What is the remainder when w is divided by 13?
12
Let t = -12 + 14. Suppose 0*w + t*f + 179 = 3*w, -3*w - 3*f = -204. Calculate the remainder when w is divided by 32.
31
Let y(n) = 4*n - 4. Calculate the remainder when 178 is divided by y(2).
2
Suppose -2*c = -46 + 6. Let h(r) = -3*r - 6. Let l be h(-4). Let i(s) = 12*s + 5. What is the remainder when i(l) is divided by c?
17
Let z = 3 + -2. Suppose 20 = -r + 5*r. Suppose 3*i + 2*i = -3*v + 12, i = 2*v + r. What is the remainder when i is divided by z?
0
Let x(q) = -q + 15. Let p be (0 + -2)/(10/(-35)). Calculate the remainder when 36 is divided by x(p).
4
Suppose 0 = 11*t - 206 + 52. What is the remainder when 41 is divided by t?
13
Suppose -289*c = -276*c - 13. What is the remainder when 23 is divided by c?
0
Let k(m) = -538*m + 12. What is the remainder when k(-1) is divided by 24?
22
Suppose -c - 4*c + 30 = 0. Suppose -5*s + c*s - 50 = -3*l, 5*l = 2*s - 100. Calculate the remainder when s is divided by 14.
8
Let q(s) = 9*s**2 + 9*s - 50. Calculate the remainder when q(5) is divided by 13.
12
Let h(d) = -2*d - 46. Let r be h(-23). Suppose -6*t + 137 + 1 = r. Calculate the remainder when 42 is divided by t.
19
Suppose x - 2 - 9 = -5*q, -3*x - 43 = -4*q. Let i = x + 17. Suppose 2*j + 12 = 6*j. Calculate the remainder when i is divided by j.
2
Suppose -3*v + 78 = 2*x - 83, 3*v = -x + 160. Calculate the remainder when v is divided by 10.
3
Suppose c + 4*s - 7 = 706, 0 = 4*c + 2*s - 2908. What is the remainder when c is divided by 16?
9
Let i be 0 - (17 - 2 - 3). Let h = i - -19. What is the remainder when (4 + 0)/((-12)/(-78)) is divided by h?
5
Let i(h) = -h**2 + 19*h - 11. Let a be i(18). Suppose t - a = 2. Suppose 0 = -t*p + 10*p - 4. Calculate the remainder when 7 is divided by p.
3
Suppose -6*y - 45 = -153. Calculate the remainder when 71 is divided by y.
17
Suppose 0 = 3*i + 3*j - 246, 7*j = 2*j - 25. Let k = 5 + i. What is the remainder when k is divided by 24?
20
Let w(c) = 17 - 4*c - 2*c**2 - 9*c**2 + 10*c**2 - c. Let o be w(-7). Suppose o*u = -y + 110, 4*y + 126 = 3*u + y. What is the remainder when u is divided by 10?
8
Let u = 530 - 525. What is the remainder when 5 is divided by u?
0
Suppose -17*v - 280 = -9*v. Let i = v - -39. What is the remainder when 27 is divided by i?
3
Let y(d) = d**3 + 6*d**2 - 3*d + 2. Let u(l) = 3*l**3 + 13*l**2 - 5*l + 4. Let w(g) = 2*u(g) - 5*y(g). Calculate the remainder when w(6) is divided by 35.
30
Suppose 0 = x - 4*r - 15, 4*x - 4*r - 41 + 5 = 0. Suppose 3*d - x*d + 16 = 0. Suppose -119 = -d*c + 237. Calculate the remainder when c is divided by 23.
20
Let r(x) = -114*x**3 + x. Let u be r(1). Let z = u + 212. Suppose 5*t - g = 96, -5*t = -0*t - 4*g - z. What is the remainder when t is divided by 11?
8
Let n(d) = d**3 - 7*d**2 - 11*d + 19. Let q(u) = 2*u**3 - 14*u**2 - 21*u + 38. Let f(b) = -11*n(b) + 6*q(b). Calculate the remainder when f(8) is divided by 23.
20
Suppose v + 2 = -2*d - 0*d, 4 = -v. Suppose -k = 5 + 4. Let y = d - k. Calculate the remainder when y is divided by 6.
4
Let m be 0/((4 - 1) + -1). Suppose m = 3*o - 3*p - 99, -4*o + 6*o + 3*p = 46. Calculate the remainder when 84 is divided by o.
26
Let w = 549 + -526. What is the remainder when 36 is divided by w?
13
Suppose c - 3*d = 188, c + 3*d = -d + 153. Suppose 719 = 30*z + 9*z - 646. Calculate the remainder when c is divided by z.
33
What is the remainder when 1425 is divided by (-2138)/(-18) - (-70)/315?
116
Let z = -148 + 117. Suppose -3*x = -173 + 23. Let k = x + z. Calculate the remainder when k is divided by 7.
5
Let h = 121 + -87. What is the remainder when h is divided by 7?
6
Let c be -1*(161 - 2) + -1. Calculate the remainder when (14/(-5))/(4/c) is divided by 38.
36
Let k = -171 - -223. Calculate the remainder when 157 is divided by k.
1
Let b = 12 - -3. What is the remainder when b is divided by 17/2 - 9/(-18)?
6
Suppose j = -2*j + 5*s + 20, 4 = -4*s. Suppose b - j*g = 21, 5*b + 3*g = 24 + 25. Let d = 55 + -51. What is the remainder when b is divided by d?
3
Let v(t) = -t**2 - 6*t - 5. Let q be v(-4). Suppose -11 = q*k + 7. Calculate the remainder when 32 is divided by 8 + (-9)/k*2.
10
What is the remainder when 237 is divided by ((-64)/(-8) - 8) + (16 - 0)?
13
Suppose -p + 3*q = -6 - 6, -8 = -4*p + 2*q. Let o be 0 + (0 - p/1). What is the remainder when o - (0 - 3 - 35) is divided by 13?
12
Let g = 62 - 60. Suppose -g*j + 12 = -10. What is the remainder when j is divided by 3?
2
Calculate the remainder when 240/(-30)*10/(-8) is divided by 10.
0
Suppose k + 0 = 19. Suppose n - 6*n - h = -60, 2*h - 10 = 0. What is the remainder when k is divided by n?
8
What is the remainder when 66 is divided by 12 + -6 + 1 + 25/25?
2
Let o(g) = 3*g**2 - 2*g + 1. Let f be o(1). Calculate the remainder when 14 is divided by 2*(-3 + f)*-2.
2
Let i be -4 - -7 - (-1 + 1). Suppose -69 = -3*w - x, -i*x + 9 = -0. What is the remainder when 262 is divided by w?
20
Let n = 2 + 6. Let w be (n/10)/(2/260). Suppose -5*a + p + 130 = 0, 4*a + p = -0*p + w. What is the remainder when a is divided by 9?
8
Let w(l) = l**2 - l + 1. Let t(h) = 4*h**2 + 11*h + 7. Let k(d) = -t(d) + 3*w(d). Calculate the remainder when k(-8) is divided by 15.
14
Suppose 3*u - 252 = -3*s, 2*s - 7 = 3. Suppose -2*f = -a + u, -a - 5*f + 13 + 73 = 0. Calculate the remainder when a is divided by 28.
25
Suppose 8*r + 2176 = 136*r. What is the remainder when r is divided by (-50)/(-4)*(-4)/(-5)?
7
Let k be 8 + (4 - 20) + 8. Let o = 12 - 7. Suppose -3*x + 56 = 2*w - 9, o*w + x - 169 = k. Calculate the remainder when w is divided by 18.
16
Suppose 34*h - 791 = 331. What is the remainder when 1286 is divided by h?
32
Suppose y + 47 + 15 = 0. Let x = y + 153. What is the remainder when x is divided by 24?
19
Let l(s) = -3*s + 13. Let y(f) = -f. Let w(o) = l(o) - 5*y(o). Calculate the remainder when 95 is divided by w(6).
20
Let l(n) = 2*n**2 + 2*n + 3. Let m be l(-3). Suppose 20 = 3*c - f, 4*c + 0*f = -f + m. Suppose q + c*q = 18. Calculate the remainder when q is divided by 1.
0
Let q = 20 - 6. Suppose 43*b - 361 - 69 = 0. What is the remainder when q is divided by b?
4
Let g be (0*(3 - 2))/2. Let k(w) = w**3 + w**2 + 2*w + 18. What is the remainder when 87 is divided by k(g)?
15
Suppose 12 = -15*b + 13*b. What is the remainder when 15 is divided by 0/(2 + 4) - b?
3
Suppose -21 = -0*l + 5*l - a, 0 = 2*l + 3*a + 22. What is the remainder when 133 + (l - -9)/(-4) is divided by 17?
13
Suppose -2*b - 1 = -b. Let n(l) = -8*l + 1. Let h be n(b). What is the remainder when h/(-4)*(-1 - 3) is divided by 4?
1
Let t be 4*(-1)/(-4)*3. Suppose -2*a - 7 = -t*z, -z + 9 = z + 3*a. Suppose 2*r = y + 1, 7*y - 2*y = -2*r + 31. What is the remainder when y is divided by z?
2
Let k be ((-13)/(-4) - 1)/(15/(-2200)). Let r = -175 - k. What is the remainder when r is divided by 26?